what is -2112110112201220 - 101?
-2112110112202021
In base 11, what is -990 + -551?
-1431
In base 2, what is 111111111110 + 10001010001110?
11001010001100
In base 13, what is -38058 - 47a?
-38505
In base 4, what is -21120123132 - 1?
-21120123133
In base 11, what is -277733 - -7?
-277727
In base 13, what is -2426 + a87?
-166c
In base 16, what is -1026493 + e?
-1026485
In base 2, what is 1011111100 + -110010000010?
-100110000110
In base 9, what is 5521 + -2377?
3133
In base 14, what is -1036d12 - 5?
-1036d17
In base 9, what is 6104811 + 18?
6104830
In base 5, what is -2211 + 12103342?
12101131
In base 12, what is -9a8 - -ba92?
b0a6
In base 16, what is 21b + 186b0?
188cb
In base 9, what is -21666 - 6?
-21673
In base 6, what is 3 + -2504245211?
-2504245204
In base 9, what is 1501535574 + -5?
1501535568
In base 11, what is -a262a02 - -2?
-a262a00
In base 12, what is 0 - -483ba8?
483ba8
In base 6, what is -1452523155 - -4?
-1452523151
In base 7, what is -5135 + -4222561?
-4231026
In base 15, what is 4977 - -34b4?
7e3b
In base 8, what is 34451727 + -56?
34451651
In base 7, what is 5 + 1431203445?
1431203453
In base 7, what is -5 - -6162215?
6162210
In base 10, what is -514592 + 14?
-514578
In base 15, what is -69c470 - 34?
-69c4a4
In base 6, what is 112514055115 + 2?
112514055121
In base 16, what is -8e0a70 + 4?
-8e0a6c
In base 13, what is 7862 + 131?
7993
In base 11, what is -1002 - -115?
-998
In base 9, what is -7623 - -178571?
170847
In base 16, what is -bddb - -39?
-bda2
In base 10, what is 17572465 - -2?
17572467
In base 10, what is -24179 + 2525?
-21654
In base 3, what is -100020 + 1000111100101?
1000111000011
In base 8, what is -55670 + -45465?
-123355
In base 3, what is -1112122202 - 11201202?
-1201101111
In base 16, what is -5e6a2 + -a1?
-5e743
In base 8, what is -1370 - -263060?
261470
In base 4, what is -2 - -1030330112230?
1030330112222
In base 5, what is 120443124114 - 20?
120443124044
In base 11, what is 93 - 231974?
-231891
In base 10, what is 152301 + -83?
152218
In base 3, what is 10011121 + 2221201010?
10001212201
In base 10, what is 2868902 + -219?
2868683
In base 8, what is -715227 - -6637?
-706370
In base 5, what is -302230 - -301?
-301424
In base 3, what is -1122020200221 + 0?
-1122020200221
In base 12, what is 39ab8 + -88?
39a30
In base 7, what is -41436 + -10461?
-52230
In base 2, what is 10101111 - 101111110110000?
-101111100000001
In base 4, what is 201 - 3123200332?
-3123200131
In base 15, what is 31116a19 + -5?
31116a14
In base 2, what is 10010001100110111111 + -100001110?
10010001100010110001
In base 6, what is 42114244 - -25?
42114313
In base 2, what is -111100101010101110111001010 - 1?
-111100101010101110111001011
In base 7, what is 1 - -11252111231?
11252111232
In base 16, what is 2 + -1b439?
-1b437
In base 4, what is 332111333 - -3?
332112002
In base 4, what is -12320200330332 - -1?
-12320200330331
In base 15, what is 27664d - 4c?
276601
In base 14, what is 8260931 + -1?
8260930
In base 13, what is -5 + -20c9630?
-20c9635
In base 7, what is 3252 - -63412?
66664
In base 2, what is 101011101101010001 - 1010101?
101011101011111100
In base 16, what is -28b0d7 + 16c?
-28af6b
In base 4, what is -132 - -331213220221?
331213220023
In base 2, what is -10101011100 + -111010111111001101?
-111011010100101001
In base 2, what is 1000101111110111 - 101110101000?
1000000001001111
In base 6, what is -223000 + 2312?
-220244
In base 8, what is 1404406 + 223?
1404631
In base 10, what is 21954 + -12624?
9330
In base 7, what is -1264253114 - 1?
-1264253115
In base 11, what is -44 + -614?
-658
In base 3, what is -110001002011 - 1110?
-110001010121
In base 13, what is 2 - 9475969?
-9475967
In base 11, what is -3 - 119a344?
-119a347
In base 7, what is 250435645 - 0?
250435645
In base 2, what is -11001001010010010101 - -10110?
-11001001010001111111
In base 12, what is -3 - 12359b8?
-12359bb
In base 4, what is 1212313121220100 + 1?
1212313121220101
In base 2, what is -10000110 + 1000110111110?
1000100111000
In base 9, what is 0 + 3205601?
3205601
In base 3, what is -12 - 10002201011221101?
-10002201011221120
In base 8, what is 1136 + -57700?
-56542
In base 2, what is 1001111100 + -1111101001100101010?
-1111101000010101110
In base 16, what is -1 - -192bb1?
192bb0
In base 7, what is -1516 + 630463?
625644
In base 15, what is 102d + -523?
a0a
In base 14, what is 6 - 11971a0c?
-11971a06
In base 3, what is 102212 - -10000020020?
10000200002
In base 2, what is -1000100101011010 - 1101000010111?
-1010001101110001
In base 11, what is -4 + 7a9497?
7a9493
In base 3, what is -110 + -2002001111112121?
-2002001111120001
In base 10, what is 19582836 + -4?
19582832
In base 8, what is 133240 - 27156?
104062
In base 13, what is 63300b4 + 1?
63300b5
In base 15, what is -349a + -71?
-351b
In base 3, what is -10 + 120100001100212012?
120100001100212002
In base 13, what is -2b - -171c922?
171c8c4
In base 14, what is 4291b - -397?
42cb4
In base 16, what is -111 + -1b29f?
-1b3b0
In base 5, what is 0 + 302034134?
302034134
In base 13, what is -608c21 + 0?
-608c21
In base 6, what is -131220143 - 1?
-131220144
In base 9, what is 1072874 + 1?
1072875
In base 7, what is 1 + -14351612?
-14351611
In base 14, what is -3012 - -4673?
1661
In base 3, what is 200222221012 - -1001?
200222222020
In base 15, what is -ada71 - 10?
-ada81
In base 3, what is -11 - 12111001211011120?
-12111001211011201
In base 16, what is 0 + -a74475?
-a74475
In base 9, what is 212 + 645205?
645417
In base 4, what is -132001120110 - -20?
-132001120030
In base 11, what is -67 + 1024865?
10247a9
In base 4, what is -300 - -33221333?
33221033
In base 4, what is 110303 + 10212223?
10323132
In base 6, what is 25502421 - 322?
25502055
In base 10, what is 2716 - -6383?
9099
In base 15, what is 1938 + 428?
1d61
In base 7, what is 55161 + -45365?
6463
In base 8, what is 73322750 + 4?
73322754
In base 8, what is -503703 - 347?
-504252
In base 12, what is -390774 - 179?
-390931
In base 15, what is -131e1 + 16ae?
-11a32
In base 11, what is 1901a + 277?
19296
In base 15, what is b237ea - -1?
b237eb
In base 7, what is 3550 - 51062?
-44212
In base 15, what is -3 - -7927a1?
79279d
In base 5, what is -221 + 3014124?
3013403
In base 9, what is 0 + 34103248?
34103248
In base 3, what is 202010200 - 112102?
201121021
In base 5, what is -30120220314 - 24?
-30120220343
In base 16, what is 3e0506 + 6?
3e050c
In base 4, what is -110301030 + 13?
-110301011
In base 11, what is 153 + 82662?
82805
In base 12, what is b3a05bb2 + 1?
b3a05bb3
In base 4, what is 2113023320 + 11?
2113023331
In base 15, what is -9c + 69a4?
6907
In base 13, what is -8195 - 13864?
-1ba29
In base 4, what is -100 + 1033101012330?
1033101012230
In base 9, what is -580422 + -12?
-580434
In base 7, what is 1 + -6324543?
-6324542
In base 3, what is -100120100020020 - 2?
-100120100020022
In base 9, what is -28 - -53007463?
53007434
In base 16, what is -11 + -119d3?
-119e4
In base 15, what is -1cc4a0a - -4?
-1cc4a06
In base 16, what is -1f8b5 - -120?
-1f795
In base 5, what is 13 - 111322303241?
-111322303223
In base 13, what is 4 - -b136cbc?
b136cc3
In base 2, what is -10101111000101011010111 + -101100?
-10101111000101100000011
In base 8, what is -15232 + 2074?
-13136
In base 5, what is 41344240122 - 2?
41344240120
In base 15, what is -3d - 411c?
-415a
In base 12, what is 36 + -34669?
-34633
In base 2, what is -101 + 101110111101011001011101?
101110111101011001011000
In base 8, what is -61367133 - -27?
-61367104
In base 5, what is -333413003 - -123?
-333412330
In base 12, what is -799b475 + 0?
-799b475
In base 10, what is -29702 - 528?
-30230
In base 12, what is -583a341 + 3?
-583a33a
In base 10, what is 146487763 - 0?
146487763
In base 6, what is 2423 - -1434313?
1441140
In base 2, what is -10 + 1011101111010100101000011011?
1011101111010100101000011001
In base 8, what is -3 + -33450347?
-33450352
In base 12, what is 653b8 + 5a?
65456
In base 13, what is 1458798 + 2?
145879a
In base 15, what is -25c8 + ab0?
-1a18
In base 13, what is -a92a2 - -1c?
-a9283
In base 13, what is 154 + 79579?
79700
In base 6, what is 4 - 25534550355?
-25534550351
In base 5, what is -144 - 31003201?
-31003400
In base 13, what is 0 - 7628838b?
-7628838b
In base 14, what is 14 + b7a148